 + 2*o - o - 21 = 0, o = 4*v - 109. Suppose 0 = 3*r - 2*r - v. What is the greatest common factor of r and j?
13
Suppose -4 = -m, -4*i + 5*m + 520 + 68 = 0. What is the highest common factor of 19 and i?
19
Suppose 7*y - 1205 = 335. What is the greatest common divisor of 20 and y?
20
Let o(d) = -d**3 + 5*d**2 + d + 7. Let z be o(5). What is the greatest common factor of 96 and z?
12
Suppose x = -0*u + 3*u + 16, -x = -2*u - 14. Suppose 3*i + f - 17 = -3*f, 5*f = 4*i + 29. Let b be 16 + i + 0/1. What is the highest common factor of x and b?
5
Let o = 23 - 22. What is the highest common divisor of 3 and o?
1
Let z = 50 + -42. Calculate the highest common divisor of 2 and z.
2
Suppose 0 = -5*d - 0*d + 180. Let n = 4 + d. Calculate the greatest common divisor of 8 and n.
8
Let k = 7 - 28. Let n = 29 + k. Suppose -2*s = -3*v + 188, -3*v + 3*s = -191 + 5. What is the greatest common factor of n and v?
8
Let z be 102/9 + (-1)/3. Let f = z + 5. Calculate the greatest common factor of f and 16.
16
Let j = 2 + 1. Suppose 63 = j*l - 108. Suppose 101 = 7*x - 32. What is the greatest common factor of l and x?
19
Suppose 4*b - 17 - 7 = 0. What is the highest common divisor of 30 and b?
6
Suppose -l + 5 + 7 = 0. Calculate the highest common divisor of 6 and l.
6
Let c be -1 + 2 + -2 + 91. What is the greatest common factor of c and 6?
6
Let t be 33/9 + (-1)/(-3). Suppose 2*m = m - 2, t*p = -2*m + 24. Calculate the greatest common divisor of 28 and p.
7
Let x(y) = y**3 - 4*y**2 - 4*y - 1. Let p be x(5). Suppose 0 = p*i - i - 90. Calculate the greatest common factor of 10 and i.
10
Let u = -8 + -5. Let d = -8 - u. What is the greatest common divisor of 2 and d?
1
Suppose 5*g - 89 = 31. Suppose -2*m - g = -4*m. What is the greatest common factor of 108 and m?
12
Let i be 15/2*(-110)/(-15). What is the greatest common factor of i and 5?
5
Suppose -2*z + 6*z = 52. Let r be 1 + 1 - 372/(-2). Suppose 2*s - 2*f - 84 = 2*f, 4*s = 4*f + r. What is the greatest common divisor of z and s?
13
Suppose 0 = 2*y - 4*b - 28, 4*b + 13 = y - 5. Suppose 0 = -3*j, -5*s - j - 2*j = -500. What is the greatest common factor of y and s?
10
Let k = -6 + 25. What is the highest common divisor of 76 and k?
19
Suppose -5*p - 67 = -3*h, -5*h + 3*p + 71 = -h. What is the greatest common factor of 35 and h?
7
Let o be (1 - -2 - 4) + 3 + 6. What is the greatest common factor of 1 and o?
1
Suppose 40 = -d - 109. Let w(f) = -8*f**2 - 5*f + 9. Let v be w(-6). Let j = d - v. Calculate the highest common factor of j and 10.
10
Let l(w) = -42*w - 3. Let k be l(-2). Calculate the highest common divisor of 9 and k.
9
Let n = -14 + 154. Let g = n - 19. Let t(i) = -4*i - 5. Let c be t(-4). Calculate the highest common factor of g and c.
11
Let a(c) = c**3 + 23*c**2 - c - 11. Let x be a(-23). Let r = 17 - 44. Let f = r + 159. Calculate the greatest common factor of f and x.
12
Suppose 2*b + 2*b = 84. Suppose 4*u - b = 15. Suppose -3*k = k - 108. What is the highest common factor of u and k?
9
Let b be 9*(1 - (-16)/6). Suppose 4*r = 201 - b. Let m(k) = -2*k**2 - 22*k - 20. Let g be m(-8). Calculate the greatest common divisor of r and g.
14
Let k = 3 + -7. Let f(h) = h**2 + 2 - 7*h + 2*h + 6*h. Let s be f(k). What is the highest common factor of 42 and s?
14
Suppose 4*c - 3*c - 5 = 0. Let a be 15*((-1)/c + 1). Suppose 5*p + 3*m = 63, 3*m - m = -p + 14. What is the highest common factor of a and p?
12
Let z(w) = -4*w + 5*w - 2 + 29. Let k = 3 - 3. Let d be z(k). Calculate the greatest common factor of d and 3.
3
Let u be 6/(-27) - (3 + (-573)/27). Calculate the highest common divisor of 18 and u.
18
Let d(j) = -j**3 - 2*j**2 - j + 4. Let w be d(-3). What is the highest common divisor of w and 8?
8
Suppose c + 2*c = 6. Suppose -r - c*s + 106 = r, 0 = -5*r + 2*s + 279. Calculate the highest common divisor of r and 5.
5
Let y = -61 + 96. What is the greatest common factor of y and 5?
5
Let n(v) = -20*v - 5. Let d be n(-3). Calculate the greatest common factor of d and 5.
5
Suppose 0 = 4*n - 13 - 7. Suppose -n*u + 387 = -348. What is the highest common divisor of u and 21?
21
Suppose 0 = -5*l - 3*h - 14 - 10, 0 = 3*h - 6. Suppose 26 + 22 = 3*w. Let a = w + l. What is the greatest common factor of a and 10?
10
Let m = -40 + 56. Suppose 3*y - 2 = 238. Calculate the highest common divisor of y and m.
16
Suppose 3 = -x - 1. Let i be (-1)/4 - 69/x. Let t be (-816)/(-15)*(-25)/(-10). What is the highest common divisor of t and i?
17
Suppose 2*u = -0*u + 616. Let c = -53 - -81. What is the highest common divisor of c and u?
28
Let x = -15 + 21. Calculate the highest common divisor of 3 and x.
3
Let p be (-2)/(-17) - (-412)/136*30. Calculate the highest common divisor of 13 and p.
13
Let p be (-20)/(-3)*(1 - -2). Suppose 50 - p = m. Let u be ((-225)/12)/((-3)/12). Calculate the greatest common divisor of u and m.
15
Let y be 114/9 + (-2)/(-6). Calculate the highest common factor of 13 and y.
13
Let w(f) be the second derivative of 0 + 1/6*f**4 + 4/3*f**3 + 3*f**2 - 2*f. Let n be w(-6). What is the greatest common factor of 10 and n?
10
Let t be (-24)/(-2)*32/6. What is the greatest common factor of t and 16?
16
Let k(x) = -x**3 - 7*x**2 - 6*x - 4. Let y be k(-7). Calculate the highest common factor of 2 and y.
2
Suppose r + 20 = h - 25, 4*r - 198 = -5*h. Suppose -v = -d - d + h, 3*d = 2*v + 64. Suppose 0 = 3*w - w - 16. What is the greatest common divisor of w and d?
4
Let z(r) = r + 9. Suppose -6*w + 2*w - 10 = 2*c, 0 = 4*c + w + 27. Let a be z(c). Calculate the highest common factor of a and 8.
2
Let d = 87 - -144. What is the highest common factor of 21 and d?
21
Let d be (3/3)/(1/17). Calculate the greatest common divisor of d and 34.
17
Let h be 1 + 154 + 1 + 0. Let c = h - 396. Let p be c/(-25)*(-1 - -6). What is the greatest common divisor of 16 and p?
16
Let r(y) = 2 - 3*y + 0 + 11*y**2 + 18*y**2 - 10*y**2. Let g be r(2). Let h = 2 + 6. Calculate the greatest common divisor of h and g.
8
Suppose -61 = -5*i - v, v + 2 = 3*v. Calculate the greatest common factor of i and 84.
12
Suppose -3*o - 4*n = -0*o + 1, 5*o - 5*n = -25. Let k be (-6 - o - -93) + 1. Let m be 12 + ((-1)/(-1) - 0). Calculate the greatest common divisor of k and m.
13
Let k(u) = -u**2 + 5*u - 3. Let m be k(4). Let w be 6 + -7 + m*137. Calculate the highest common divisor of 17 and w.
17
Let z(v) = -v**3 + 11*v**2 + 8. Let f be z(11). What is the greatest common factor of f and 24?
8
Let d(w) = 3*w + 6. Let x be d(3). What is the greatest common divisor of 60 and x?
15
Let w be (0 + 0)*(-6)/(-6). Suppose 19 = 4*f - s, w = 4*f - 2*s - 1 - 13. Calculate the greatest common divisor of 12 and f.
6
Let h be (-2)/1*(-12)/8. Suppose -h = 2*s + 4*o + 3, -s + o = 0. Let w be (-2)/(s - 123/(-126)). What is the highest common divisor of w and 12?
12
Let b be 36/(2*3/4). Let j(i) = i + 4. Let d be j(4). Calculate the greatest common factor of d and b.
8
Let o(p) be the third derivative of p**6/120 + 2*p**5/15 + 7*p**4/24 + p**3 + 2*p**2. Let i be o(-7). What is the highest common factor of i and 42?
6
Let i = 15 - -21. What is the highest common divisor of 9 and i?
9
Let w = 443 + -254. Let i be 4 + -1 + -1 - -19. What is the greatest common factor of i and w?
21
Let q = 63 - 37. What is the greatest common factor of 13 and q?
13
Suppose 0 = -5*f + 327 + 98. Suppose -5*q + 780 = 5*u, q - 73 = -2*u + f. Calculate the greatest common divisor of q and 14.
14
Suppose 4*i - 3*i - 75 = 0. Calculate the highest common factor of i and 15.
15
Suppose 5*h - 12 = h - o, -12 = -3*o. What is the greatest common factor of h and 1?
1
Let q = -24 - -34. Let o be (-34)/(-9) - q/(-45). Let g = 13 - o. Calculate the highest common factor of 3 and g.
3
Let o(f) be the second derivative of f**3 + f - 1/12*f**4 + 0 - 1/2*f**2. Let b be o(4). What is the greatest common divisor of b and 63?
7
Let m = 44 + -23. Suppose 2*a + 2*a = 3*v - 16, 4*a + 16 = 0. Suppose v = 2*f - 6*f + 28. Calculate the greatest common divisor of f and m.
7
Let t be (4 - 3)/(2/(-2)). Let v be (t + 214/(-6))*-3. Let d = -21 - -31. Calculate the greatest common divisor of v and d.
10
Suppose 5*g = 1189 - 289. Let p be 20 - (-13)/52*0/2. What is the greatest common factor of g and p?
20
Suppose 9*w - 1